{"id":12099,"date":"2018-04-04T09:30:46","date_gmt":"2018-04-04T08:30:46","guid":{"rendered":"http:\/\/karmaka.de\/?page_id=12099"},"modified":"2026-03-06T00:33:35","modified_gmt":"2026-03-05T23:33:35","slug":"comayagua","status":"publish","type":"page","link":"https:\/\/karmaka.de\/?page_id=12099","title":{"rendered":"Comayagua"},"content":{"rendered":"<div class=\"su-spacer\" style=\"height:10px\"><\/div>\n<p style=\"text-align: center;\"><strong><span style=\"font-size: 24pt;\">Comayagua (prov.)<\/span><\/strong><\/p>\n<p style=\"text-align: center;\"><span style=\"font-size: 22pt;\">Fall (L6) in Barrio La Zarcita, Ciudad de Comayagua, Comayagua, Honduras at ~ 10.20-10.30 p.m. (local) on 3 June 2012 <\/span><\/p>\n<p><a href=\"http:\/\/karmaka.de\/wp-content\/uploads\/2017\/03\/Comayagua-A.jpg\"><img loading=\"lazy\" decoding=\"async\" class=\"alignleft size-full wp-image-12108\" src=\"http:\/\/karmaka.de\/wp-content\/uploads\/2017\/03\/Comayagua-A.jpg\" alt=\"\" width=\"1400\" height=\"1120\" srcset=\"https:\/\/karmaka.de\/wp-content\/uploads\/2017\/03\/Comayagua-A.jpg 1400w, https:\/\/karmaka.de\/wp-content\/uploads\/2017\/03\/Comayagua-A-300x240.jpg 300w, https:\/\/karmaka.de\/wp-content\/uploads\/2017\/03\/Comayagua-A-768x614.jpg 768w, https:\/\/karmaka.de\/wp-content\/uploads\/2017\/03\/Comayagua-A-1024x819.jpg 1024w\" sizes=\"(max-width: 1400px) 100vw, 1400px\" \/><\/a><\/p>\n<p style=\"text-align: justify;\">The regmaglypted meteorite (chondrite) weighs 482.26 grams. Its maximum dimensions are 7.5 x 5.2 x 4.0 cm. It has a volume of 145 cm\u00b3 (3.326 g\/cm\u00b3).<\/p>\n<p style=\"text-align: justify;\">The meteorite (L6, <span dir=\"auto\"><span class=\"VIpgJd-yAWNEb-VIpgJd-fmcmS-sn54Q\" dir=\"auto\">S5, W0) <\/span><\/span>fell on 3 June 2012, between 10.20 and 10.30 p.m., on H\u00e9ctor Armando Valle Herrera&#8217;s home in Barrio La Zarcita, Ciudad de Comayagua, Departamento de Comayagua, Honduras. The meteorite crashed through the thin aluminium\/zinc coated roof, pierced the two layers of the mattress of a double bed and hit two blocks of concrete under the bed, reportedly at location <a href=\"https:\/\/goo.gl\/maps\/dmtL5UMVjAxCwcbc9\" target=\"_blank\" rel=\"noopener noreferrer\">14\u00b028&#8217;18&#8221; N, 87\u00b038&#8217;40&#8221; W.<\/a> In the exhibition in March 2026 this official location was given: <a href=\"https:\/\/maps.app.goo.gl\/2HX2ax2Sju7Gu5Gn8\" target=\"_blank\" rel=\"noopener noreferrer\">14\u00b028&#8217;20.72&#8243; N, 87\u00b038&#8217;43.18&#8243; W<\/a>.<\/p>\n<div id=\"attachment_12118\" style=\"width: 310px\" class=\"wp-caption alignleft\"><a href=\"http:\/\/karmaka.de\/wp-content\/uploads\/2017\/03\/Comayagua-impact-hole-seen-from-inside.jpg\"><img loading=\"lazy\" decoding=\"async\" aria-describedby=\"caption-attachment-12118\" class=\"wp-image-12118 size-medium\" src=\"http:\/\/karmaka.de\/wp-content\/uploads\/2017\/03\/Comayagua-impact-hole-seen-from-inside-300x240.jpg\" alt=\"\" width=\"300\" height=\"240\" srcset=\"https:\/\/karmaka.de\/wp-content\/uploads\/2017\/03\/Comayagua-impact-hole-seen-from-inside-300x240.jpg 300w, https:\/\/karmaka.de\/wp-content\/uploads\/2017\/03\/Comayagua-impact-hole-seen-from-inside-768x615.jpg 768w, https:\/\/karmaka.de\/wp-content\/uploads\/2017\/03\/Comayagua-impact-hole-seen-from-inside-1024x819.jpg 1024w, https:\/\/karmaka.de\/wp-content\/uploads\/2017\/03\/Comayagua-impact-hole-seen-from-inside.jpg 1166w\" sizes=\"(max-width: 300px) 100vw, 300px\" \/><\/a><p id=\"caption-attachment-12118\" class=\"wp-caption-text\">The impact hole in the roof, seen from inside. Image: COPECO<\/p><\/div>\n<p style=\"text-align: justify;\">H\u00e9ctor Armando Valle Herrera is reported to have been lying in the bed when the meteorite fell on the mattress. He is reported to have heard a rumble noise and when getting up noticed the hole in the mattress only centimeters away from where he was lying. Two days later the family informed the media but did not receive any attention. Media coverage about a bolide above Honduras on 18 August 2012 made H\u00e9ctor Armando Valle inform the the media about his meteorite again. On 22 August 2012 Diario El Heraldo reported about the fall. It wasn&#8217;t until 23 August that the scientists of the Departamento de Astronomia y Astrofisica heard about the fall. On the 23 August the Comisi\u00f3n Permanente de Contingencias de Honduras (COPECO) issued a press release (No. 115-2012). COPECO deputy commissioner Carlos Cordero and other members of the Comisi\u00f3n Permanente de Contingencias de Honduras (Copeco) and the Universidad Nacional Autonoma de Honduras (UNAH) inspected the meteorite at its fall location and confirmed its authenticity. The scientists initially tried to convince Mr Valle in vain to hand over the meteorite for analysis.<\/p>\n<div id=\"attachment_12121\" style=\"width: 310px\" class=\"wp-caption alignright\"><a href=\"http:\/\/karmaka.de\/wp-content\/uploads\/2017\/03\/Comayagua-impact-hole-in-mattress.jpg\"><img loading=\"lazy\" decoding=\"async\" aria-describedby=\"caption-attachment-12121\" class=\"wp-image-12121 size-medium\" src=\"http:\/\/karmaka.de\/wp-content\/uploads\/2017\/03\/Comayagua-impact-hole-in-mattress-300x200.jpg\" alt=\"\" width=\"300\" height=\"200\" srcset=\"https:\/\/karmaka.de\/wp-content\/uploads\/2017\/03\/Comayagua-impact-hole-in-mattress-300x200.jpg 300w, https:\/\/karmaka.de\/wp-content\/uploads\/2017\/03\/Comayagua-impact-hole-in-mattress-768x512.jpg 768w, https:\/\/karmaka.de\/wp-content\/uploads\/2017\/03\/Comayagua-impact-hole-in-mattress-1024x682.jpg 1024w, https:\/\/karmaka.de\/wp-content\/uploads\/2017\/03\/Comayagua-impact-hole-in-mattress.jpg 1400w\" sizes=\"(max-width: 300px) 100vw, 300px\" \/><\/a><p id=\"caption-attachment-12121\" class=\"wp-caption-text\">The impact hole in the mattress. Image: COPECO<\/p><\/div>\n<p style=\"text-align: justify;\">On 29 August 2012 the UNAH and Mr Valle reached an written agreement to take the meteorite to Tegucigalpa for analysis at the Departamento de Astronomia y Astrofisica (DAAF) de la Facultad de Ciencias Espaciales (FACES)\/UNAH for a period of six weeks and then return it to Mr Valle. On 28 September the UNAH decided to negotiate with Mr. Valle about the acquisition of the meteorite for permanent curation and study. In late September 2012 UNAH offered sixty thousand Honduran Lempira (~ 2,562 US$). On 19 October 2012 Mr Valle asked a price of 60,000 US$ for the meteorite. After UNAH had established a commission to calculate an adequate value of the meteorite an agreement with Mr Valle was reached on 11 December 2012. The Universidad Nacional Autonoma de Honduras acquired the meteorite for a sum of 50,000 US$ which was paid in February and May 2013. On 16-17th January 2013 a poster with the title &#8220;Comayagua, Honduras first fall meteorite&#8221; by Mar\u00eda Cristina Pineda de Car\u00edas (UNAH), Mar\u00eda Jes\u00fas Quir\u00f3z and Norman Iv\u00e1n Palma was presented at the international symposium &#8220;Asirobiological and cosmochemical implications of Marco Polo-R sampling of a primitive asteroid&#8221; at the Institut d \u0301Estudis Catalans in Barcelona. From 5 March 2026 the meteorite is being exhibited (throughout the month of March) at the National Autonomous University of Honduras (UNAH).<\/p>\n[wc_row][wc_column size=&#8221;one-half&#8221; position=&#8221;first&#8221;]\n<div id=\"attachment_12108\" style=\"width: 1410px\" class=\"wp-caption alignleft\"><a href=\"http:\/\/karmaka.de\/wp-content\/uploads\/2017\/03\/Comayagua-A.jpg\"><img loading=\"lazy\" decoding=\"async\" aria-describedby=\"caption-attachment-12108\" class=\"wp-image-12108 size-full\" src=\"http:\/\/karmaka.de\/wp-content\/uploads\/2017\/03\/Comayagua-A.jpg\" alt=\"\" width=\"1400\" height=\"1120\" srcset=\"https:\/\/karmaka.de\/wp-content\/uploads\/2017\/03\/Comayagua-A.jpg 1400w, https:\/\/karmaka.de\/wp-content\/uploads\/2017\/03\/Comayagua-A-300x240.jpg 300w, https:\/\/karmaka.de\/wp-content\/uploads\/2017\/03\/Comayagua-A-768x614.jpg 768w, https:\/\/karmaka.de\/wp-content\/uploads\/2017\/03\/Comayagua-A-1024x819.jpg 1024w\" sizes=\"(max-width: 1400px) 100vw, 1400px\" \/><\/a><p id=\"caption-attachment-12108\" class=\"wp-caption-text\">Image: COPECO<\/p><\/div>\n<div id=\"attachment_12110\" style=\"width: 1410px\" class=\"wp-caption alignleft\"><a href=\"http:\/\/karmaka.de\/wp-content\/uploads\/2017\/03\/Comayagua-C.jpg\"><img loading=\"lazy\" decoding=\"async\" aria-describedby=\"caption-attachment-12110\" class=\"wp-image-12110 size-full\" src=\"http:\/\/karmaka.de\/wp-content\/uploads\/2017\/03\/Comayagua-C.jpg\" alt=\"\" width=\"1400\" height=\"1119\" srcset=\"https:\/\/karmaka.de\/wp-content\/uploads\/2017\/03\/Comayagua-C.jpg 1400w, https:\/\/karmaka.de\/wp-content\/uploads\/2017\/03\/Comayagua-C-300x240.jpg 300w, https:\/\/karmaka.de\/wp-content\/uploads\/2017\/03\/Comayagua-C-768x614.jpg 768w, https:\/\/karmaka.de\/wp-content\/uploads\/2017\/03\/Comayagua-C-1024x818.jpg 1024w\" sizes=\"(max-width: 1400px) 100vw, 1400px\" \/><\/a><p id=\"caption-attachment-12110\" class=\"wp-caption-text\">Image: COPECO<\/p><\/div>\n<div id=\"attachment_12112\" style=\"width: 1210px\" class=\"wp-caption alignleft\"><a href=\"http:\/\/karmaka.de\/wp-content\/uploads\/2017\/03\/Comayagua-E.jpg\"><img loading=\"lazy\" decoding=\"async\" aria-describedby=\"caption-attachment-12112\" class=\"wp-image-12112 size-full\" src=\"http:\/\/karmaka.de\/wp-content\/uploads\/2017\/03\/Comayagua-E.jpg\" alt=\"\" width=\"1200\" height=\"960\" srcset=\"https:\/\/karmaka.de\/wp-content\/uploads\/2017\/03\/Comayagua-E.jpg 1200w, https:\/\/karmaka.de\/wp-content\/uploads\/2017\/03\/Comayagua-E-300x240.jpg 300w, https:\/\/karmaka.de\/wp-content\/uploads\/2017\/03\/Comayagua-E-768x614.jpg 768w, https:\/\/karmaka.de\/wp-content\/uploads\/2017\/03\/Comayagua-E-1024x819.jpg 1024w\" sizes=\"(max-width: 1200px) 100vw, 1200px\" \/><\/a><p id=\"caption-attachment-12112\" class=\"wp-caption-text\">Image: COPECO<\/p><\/div>\n[\/wc_column][wc_column size=&#8221;one-half&#8221; position=&#8221;last&#8221;]\n<div id=\"attachment_12109\" style=\"width: 1410px\" class=\"wp-caption alignleft\"><a href=\"http:\/\/karmaka.de\/wp-content\/uploads\/2017\/03\/Comayagua-B.jpg\"><img loading=\"lazy\" decoding=\"async\" aria-describedby=\"caption-attachment-12109\" class=\"wp-image-12109 size-full\" src=\"http:\/\/karmaka.de\/wp-content\/uploads\/2017\/03\/Comayagua-B.jpg\" alt=\"\" width=\"1400\" height=\"1119\" srcset=\"https:\/\/karmaka.de\/wp-content\/uploads\/2017\/03\/Comayagua-B.jpg 1400w, https:\/\/karmaka.de\/wp-content\/uploads\/2017\/03\/Comayagua-B-300x240.jpg 300w, https:\/\/karmaka.de\/wp-content\/uploads\/2017\/03\/Comayagua-B-768x614.jpg 768w, https:\/\/karmaka.de\/wp-content\/uploads\/2017\/03\/Comayagua-B-1024x818.jpg 1024w\" sizes=\"(max-width: 1400px) 100vw, 1400px\" \/><\/a><p id=\"caption-attachment-12109\" class=\"wp-caption-text\">Image: COPECO<\/p><\/div>\n<div id=\"attachment_12111\" style=\"width: 1410px\" class=\"wp-caption alignleft\"><a href=\"http:\/\/karmaka.de\/wp-content\/uploads\/2017\/03\/Comayagua-D.jpg\"><img loading=\"lazy\" decoding=\"async\" aria-describedby=\"caption-attachment-12111\" class=\"wp-image-12111 size-full\" src=\"http:\/\/karmaka.de\/wp-content\/uploads\/2017\/03\/Comayagua-D.jpg\" alt=\"\" width=\"1400\" height=\"1119\" srcset=\"https:\/\/karmaka.de\/wp-content\/uploads\/2017\/03\/Comayagua-D.jpg 1400w, https:\/\/karmaka.de\/wp-content\/uploads\/2017\/03\/Comayagua-D-300x240.jpg 300w, https:\/\/karmaka.de\/wp-content\/uploads\/2017\/03\/Comayagua-D-768x614.jpg 768w, https:\/\/karmaka.de\/wp-content\/uploads\/2017\/03\/Comayagua-D-1024x818.jpg 1024w\" sizes=\"(max-width: 1400px) 100vw, 1400px\" \/><\/a><p id=\"caption-attachment-12111\" class=\"wp-caption-text\">Image: COPECO<\/p><\/div>\n<div id=\"attachment_12113\" style=\"width: 1210px\" class=\"wp-caption alignleft\"><a href=\"http:\/\/karmaka.de\/wp-content\/uploads\/2017\/03\/Comayagua-F.jpg\"><img loading=\"lazy\" decoding=\"async\" aria-describedby=\"caption-attachment-12113\" class=\"wp-image-12113 size-full\" src=\"http:\/\/karmaka.de\/wp-content\/uploads\/2017\/03\/Comayagua-F.jpg\" alt=\"\" width=\"1200\" height=\"960\" srcset=\"https:\/\/karmaka.de\/wp-content\/uploads\/2017\/03\/Comayagua-F.jpg 1200w, https:\/\/karmaka.de\/wp-content\/uploads\/2017\/03\/Comayagua-F-300x240.jpg 300w, https:\/\/karmaka.de\/wp-content\/uploads\/2017\/03\/Comayagua-F-768x614.jpg 768w, https:\/\/karmaka.de\/wp-content\/uploads\/2017\/03\/Comayagua-F-1024x819.jpg 1024w\" sizes=\"(max-width: 1200px) 100vw, 1200px\" \/><\/a><p id=\"caption-attachment-12113\" class=\"wp-caption-text\">Image: COPECO<\/p><\/div>\n[\/wc_column][\/wc_row]\n[wc_row][wc_column size=&#8221;one-half&#8221; position=&#8221;first&#8221;]\n<div id=\"attachment_12138\" style=\"width: 1410px\" class=\"wp-caption alignleft\"><a href=\"http:\/\/karmaka.de\/wp-content\/uploads\/2017\/03\/Comayagua-impact-hole-seen-from-outside.jpg\"><img loading=\"lazy\" decoding=\"async\" aria-describedby=\"caption-attachment-12138\" class=\"size-full wp-image-12138\" src=\"http:\/\/karmaka.de\/wp-content\/uploads\/2017\/03\/Comayagua-impact-hole-seen-from-outside.jpg\" alt=\"\" width=\"1400\" height=\"1120\" srcset=\"https:\/\/karmaka.de\/wp-content\/uploads\/2017\/03\/Comayagua-impact-hole-seen-from-outside.jpg 1400w, https:\/\/karmaka.de\/wp-content\/uploads\/2017\/03\/Comayagua-impact-hole-seen-from-outside-300x240.jpg 300w, https:\/\/karmaka.de\/wp-content\/uploads\/2017\/03\/Comayagua-impact-hole-seen-from-outside-768x614.jpg 768w, https:\/\/karmaka.de\/wp-content\/uploads\/2017\/03\/Comayagua-impact-hole-seen-from-outside-1024x819.jpg 1024w\" sizes=\"(max-width: 1400px) 100vw, 1400px\" \/><\/a><p id=\"caption-attachment-12138\" class=\"wp-caption-text\">The impact hole in the roof, seen from outside.<\/p><\/div>\n[\/wc_column][wc_column size=&#8221;one-half&#8221; position=&#8221;last&#8221;]\n<div id=\"attachment_12139\" style=\"width: 1230px\" class=\"wp-caption alignleft\"><a href=\"http:\/\/karmaka.de\/wp-content\/uploads\/2017\/03\/Comayagua-impact-hole-above-the-bed.jpg\"><img loading=\"lazy\" decoding=\"async\" aria-describedby=\"caption-attachment-12139\" class=\"size-full wp-image-12139\" src=\"http:\/\/karmaka.de\/wp-content\/uploads\/2017\/03\/Comayagua-impact-hole-above-the-bed.jpg\" alt=\"\" width=\"1220\" height=\"976\" srcset=\"https:\/\/karmaka.de\/wp-content\/uploads\/2017\/03\/Comayagua-impact-hole-above-the-bed.jpg 1220w, https:\/\/karmaka.de\/wp-content\/uploads\/2017\/03\/Comayagua-impact-hole-above-the-bed-300x240.jpg 300w, https:\/\/karmaka.de\/wp-content\/uploads\/2017\/03\/Comayagua-impact-hole-above-the-bed-768x614.jpg 768w, https:\/\/karmaka.de\/wp-content\/uploads\/2017\/03\/Comayagua-impact-hole-above-the-bed-1024x819.jpg 1024w\" sizes=\"(max-width: 1220px) 100vw, 1220px\" \/><\/a><p id=\"caption-attachment-12139\" class=\"wp-caption-text\">The fixed impact hole in the roof above the bed.<\/p><\/div>\n[\/wc_column][\/wc_row]\n\n\n<figure class=\"wp-block-image size-large\"><a href=\"https:\/\/karmaka.de\/wp-content\/uploads\/2026\/03\/Comayagua-exhibit-2026.jpg\"><img loading=\"lazy\" decoding=\"async\" width=\"1024\" height=\"768\" src=\"https:\/\/karmaka.de\/wp-content\/uploads\/2026\/03\/Comayagua-exhibit-2026-1024x768.jpg\" alt=\"\" class=\"wp-image-40246\" srcset=\"https:\/\/karmaka.de\/wp-content\/uploads\/2026\/03\/Comayagua-exhibit-2026-1024x768.jpg 1024w, https:\/\/karmaka.de\/wp-content\/uploads\/2026\/03\/Comayagua-exhibit-2026-300x225.jpg 300w, https:\/\/karmaka.de\/wp-content\/uploads\/2026\/03\/Comayagua-exhibit-2026-768x576.jpg 768w, https:\/\/karmaka.de\/wp-content\/uploads\/2026\/03\/Comayagua-exhibit-2026.jpg 1260w\" sizes=\"(max-width: 1024px) 100vw, 1024px\" \/><\/a><\/figure>\n\n\n\n<p>The meteorite in the exhibition on 5 March 2026. Photo: UNAH<\/p>\n\n\n\n<figure class=\"wp-block-video\"><video controls src=\"https:\/\/karmaka.de\/wp-content\/uploads\/2026\/03\/2026-Comayagua-exhibition-720.mp4\"><\/video><\/figure>\n\n\n\n<p class=\"justify-text\">Presenting the &#8216;Comayagua&#8217; (prov.) meteorite in an exhibition at the National Autonomous University of Honduras (UNAH) at 2p.m. on 5 March 2026. Video: TV UNAH<\/p>\n","protected":false},"excerpt":{"rendered":"<p>Comayagua (prov.) Fall (L6) in Barrio La Zarcita, Ciudad de Comayagua, Comayagua, Honduras at ~ 10.20-10.30 p.m. (local) on 3 June 2012 The regmaglypted meteorite (chondrite) weighs 482.26 grams. Its maximum dimensions are 7.5 x&#8230;<\/p>\n","protected":false},"author":1,"featured_media":0,"parent":64,"menu_order":16,"comment_status":"closed","ping_status":"closed","template":"page-template-wide.php","meta":{"footnotes":""},"_links":{"self":[{"href":"https:\/\/karmaka.de\/index.php?rest_route=\/wp\/v2\/pages\/12099"}],"collection":[{"href":"https:\/\/karmaka.de\/index.php?rest_route=\/wp\/v2\/pages"}],"about":[{"href":"https:\/\/karmaka.de\/index.php?rest_route=\/wp\/v2\/types\/page"}],"author":[{"embeddable":true,"href":"https:\/\/karmaka.de\/index.php?rest_route=\/wp\/v2\/users\/1"}],"replies":[{"embeddable":true,"href":"https:\/\/karmaka.de\/index.php?rest_route=%2Fwp%2Fv2%2Fcomments&post=12099"}],"version-history":[{"count":33,"href":"https:\/\/karmaka.de\/index.php?rest_route=\/wp\/v2\/pages\/12099\/revisions"}],"predecessor-version":[{"id":40251,"href":"https:\/\/karmaka.de\/index.php?rest_route=\/wp\/v2\/pages\/12099\/revisions\/40251"}],"up":[{"embeddable":true,"href":"https:\/\/karmaka.de\/index.php?rest_route=\/wp\/v2\/pages\/64"}],"wp:attachment":[{"href":"https:\/\/karmaka.de\/index.php?rest_route=%2Fwp%2Fv2%2Fmedia&parent=12099"}],"curies":[{"name":"wp","href":"https:\/\/api.w.org\/{rel}","templated":true}]}}