{"id":192,"date":"2014-10-21T14:35:02","date_gmt":"2014-10-21T12:35:02","guid":{"rendered":"http:\/\/karmaka.de\/?page_id=192"},"modified":"2017-04-19T16:29:47","modified_gmt":"2017-04-19T14:29:47","slug":"nwa-7325","status":"publish","type":"page","link":"https:\/\/karmaka.de\/?page_id=192","title":{"rendered":"NWA 7325"},"content":{"rendered":"<p>under construction<\/p>\n<p><strong>Meteoritical Bulletin:\u00a0\u00a0\u00a0\u00a0\u00a0 <\/strong><a href=\" http:\/\/www.lpi.usra.edu\/meteor\/metbull.php?code=55627\" target=\"_blank\"><strong>NWA 7325<\/strong><\/a><strong>\u00a0\u00a0<\/strong><strong>\u00a0\u00a0\u00a0\u00a0\u00a0\u00a0 <\/strong><\/p>\n<p style=\"padding-left: 90px;\"><strong>\u00a0pairings:\u00a0\u00a0\u00a0\u00a0\u00a0 <\/strong><a href=\" http:\/\/www.lpi.usra.edu\/meteor\/metbull.php?code=58048\" target=\"_blank\"><strong>NWA 8014<\/strong><\/a>\u00a0\u00a0\u00a0\u00a0\u00a0 <a href=\"http:\/\/www.lpi.usra.edu\/meteor\/metbull.php?code=60992\" target=\"_blank\"><strong>NWA 8409<\/strong><\/a>\u00a0\u00a0\u00a0\u00a0\u00a0\u00a0 <a href=\"http:\/\/www.lpi.usra.edu\/meteor\/metbull.php? code=60259\" target=\"_blank\"><strong>NWA 8486<\/strong><\/a><\/p>\n<p>&nbsp;<\/p>\n<p><span style=\"font-size: 12pt;\"><strong>RESEARCH PAPERS<\/strong><\/span><\/p>\n<p><strong>A nonmagnetic differentiated early planetary body<\/strong><br \/>\nBenjamin P. Weiss, Huapei Wang, Thomas G. Sharp, J\u00e9r\u00f4me Gattacceca, David L. Shuster, Brynna Downey, Jinping Hu, Roger R. Fu, Aaron T. Kuan, Cl\u00e9ment Suavet, Anthony J. Irving, Jun Wang, Jiajun Wang<br \/>\nEarth and Planetary Science Letters<br \/>\nAvailable online 19 April 2017<br \/>\n<a href=\"http:\/\/www.sciencedirect.com\/science\/article\/pii\/S0012821X17301620\" target=\"_blank\"><strong>LINK<\/strong><\/a><\/p>\n<p><strong>Petrogenesis and Provenance of Ungrouped Achondrite Northwest Africa 7325 from Petrology, Trace Elements, Oxygen, Chromium and Titanium Isotopes, and Mid-IR Spectroscopy<\/strong><br \/>\nCyrena A. Goodrich, Noriko T. Kita, Qing-Zhu Yin, Matthew E. Sanborn, Curtis D. Williams, Daisuke Nakashima, Melissa D. Lane, Shannon Boyle<br \/>\nGeochimica et Cosmochimica Acta<br \/>\n<a href=\"http:\/\/www.sciencedirect.com\/science\/article\/pii\/S001670371630730X\" target=\"_blank\"><strong>LINK<\/strong><\/a><\/p>\n<p><strong>U-Pb and Al-Mg systematics of the ungrouped achondrite Northwest Africa 7325<\/strong><br \/>\nPiers Koefoed, Yuri Amelin, Qing-Zhu Yin, Josh Wimpenny, Matthew E. Sanborn, Tsuyoshi Iizuka, Anthony J. Irving<br \/>\nGeochimica et Cosmochimica Acta<br \/>\n<a href=\"http:\/\/www.sciencedirect.com\/science\/article\/pii\/S0016703716301375\" target=\"_blank\"><strong>LINK<\/strong><\/a><\/p>\n<p><strong>Silicon Isotope Composition of Ungrouped Achondrite Northwest Africa 7325<\/strong><br \/>\nX. Chen, T. J. Lapen, R. Andreasen, M. Righter, A. J. Irving, H. S. Chafetz<br \/>\n47th Lunar and Planetary Science Conference (2016), Abstract #2812<br \/>\n<a href=\"https:\/\/www.hou.usra.edu\/meetings\/lpsc2016\/pdf\/2812.pdf\" target=\"_blank\"><strong>PDF<\/strong><\/a><\/p>\n<p><strong>Cosmochemical and spectroscopic properties of Northwest Africa 7325\u2014A consortium study.<\/strong><br \/>\nWeber, I., Morlok, A., Bischoff, A., Hiesinger, H., Ward, D., Joy, K. H., Crowther, S. A., Jastrzebski, N. D., Gilmour, J. D., Clay, P. L., Wogelius, R. A., Greenwood, R. C., Franchi, I. A. and M\u00fcnker, C.<br \/>\n<a href=\"http:\/\/onlinelibrary.wiley.com\/doi\/10.1111\/maps.12586\/abstract\" target=\"_blank\"><strong>LINK<\/strong><\/a><\/p>\n<p><strong>UNGROUPED MAFIC ACHONDRITE NORTHWEST AFRICA 7325: A REDUCED, IRON-POOR <\/strong><strong>CUMULATE OLIVINE GABBRO FROM A DIFFERENTIATED PLANETARY PARENT BODY<\/strong><br \/>\nA.J. Irving, S. M. Kuehner, T. E. Bunch, K. Ziegler, G. Chen, C. D. K. Herd, R. M. Conrey and S. Ralew<br \/>\n<a href=\"http:\/\/www.lpi.usra.edu\/meetings\/lpsc2013\/pdf\/2164.pdf\" target=\"_blank\"><strong>PDF LINK<\/strong><\/a><\/p>\n<p><strong>CHROMIUM ISOTOPIC STUDIES OF UNGROUPED <\/strong><strong>ACHONDRITES NWA 7325, NWA 2976, AND NWA 6704.<\/strong><br \/>\nM. E. Sanborn, A. Yamakawa, Q. Z. Yin, A. J. Irving, and Y. Amelin<br \/>\n<a href=\"http:\/\/www.hou.usra.edu\/meetings\/metsoc2013\/pdf\/5220.pdf\" target=\"_blank\"><strong>PDF LINK<\/strong><\/a><\/p>\n<p><strong>U-Pb AGE OF UNGROUPED ACHONDRITE NWA 7325<\/strong><br \/>\nY. Amelin, P. Koefoed, T. Iizuka and A. J. Irving<br \/>\n<a href=\"http:\/\/www.hou.usra.edu\/meetings\/metsoc2013\/pdf\/5165.pdf \" target=\"_blank\"><strong>PDF LINK<\/strong><\/a><\/p>\n<p><strong> Ungrouped achondrite NWA 7325: Infrared and Raman study of a potential sample from Mercury<\/strong><br \/>\nA. Morlok, I. Weber, M.Ahmedi, A. Bischoff, H. Hiesinger, J. Helbert<br \/>\n<a href=\"http:\/\/meetingorganizer.copernicus.org\/EPSC2013\/EPSC2013-114.pdf\" target=\"_blank\"><strong>PDF LINK<\/strong><\/a><\/p>\n<p><strong>MAGNETIC AND NONMAGNETIC DIFFERENTIATED PLANETESIMALS.<\/strong><br \/>\nB. P. Weiss, R. Fu, D. L. Shuster, J. Gattacceca, C. R. Suavet, A. J. Irving<br \/>\n<a href=\"http:\/\/www.hou.usra.edu\/meetings\/planetesimal2013\/pdf\/8047.pdf \" target=\"_blank\"><strong>PDF LINK<\/strong><\/a><\/p>\n<p><strong>PETROLOGY AND MINERALOGY OF UNGROUPED ACHONDRITE NWA 7325<\/strong><br \/>\nH. Hasegawa , T. Mikouchi , J. Connelly , and M. Bizzarro<br \/>\n<a href=\"http:\/\/www.hou.usra.edu\/meetings\/lpsc2014\/pdf\/1865.pdf\" target=\"_blank\"><strong>PDF LINK<\/strong><\/a><\/p>\n<p><strong>PETROLOGY OF THE NWA 7325 UNGROUPED ACHONDRITE \u2212 METEORITE FROM MERCURY, THE UREILITE PARENT BODY, OR A PREVIOUSLY UNSAMPLED ASTEROID?<\/strong><br \/>\nC.A. Goodrich, N.T. Kita and D. Nakashima<br \/>\n<a href=\"http:\/\/www.hou.usra.edu\/meetings\/lpsc2014\/pdf\/1246.pdf \" target=\"_blank\"><strong>PDF LINK<\/strong><\/a><br \/>\n<a href=\"http:\/\/www.hou.usra.edu\/meetings\/lpsc2014\/eposter\/1246.pdf\" target=\"_blank\"><strong>PDF LINK (e-poster)<\/strong><\/a><\/p>\n<p><strong>26 Al- 26 Mg SYSTEMATICS IN THE UNUSUAL UNGROUPED ACHONDRITE NWA 7325 AND THE EUCRITE JUVINAS.<\/strong><br \/>\nD.R. Dunlap, M. Wadhwa, S.R. Romaneillo<br \/>\n<a href=\"http:\/\/www.hou.usra.edu\/meetings\/lpsc2014\/pdf\/2186.pdf\" target=\"_blank\"><strong>PDF LINK<\/strong><\/a><\/p>\n<p><strong>Mineralogical and Spectroscopic Studies on NWA 7325 as an Analog Sample for Rocks from Mercury<\/strong><br \/>\nWeber I. Morlok A. * Bischoff A. Hiesinger H. Helbert J.<br \/>\n<a href=\"http:\/\/www.hou.usra.edu\/meetings\/lpsc2014\/pdf\/1323.pdf\" target=\"_blank\"><strong>LINK<\/strong><\/a><\/p>\n<p><strong>Ungrouped Achondrite NWA 7325: Titanium, Vanadium and Chromium XANES of Mafic Silicates Record Highly-Reduced Origin<\/strong><br \/>\nSutton S. R. * Wirick S. Goodrich C. A.<br \/>\n<strong><a href=\" http:\/\/www.hou.usra.edu\/meetings\/lpsc2014\/pdf\/1275.pdf\" target=\"_blank\">PDF LINK<\/a><\/strong><\/p>\n<p><strong>Oxygen Isotope Compositions of Mineral Separates from NWA 7325 Suggest a Planetary <\/strong><strong>(Mercury?) Origin<\/strong><br \/>\nJabeen I. * Ali A. Banerjee N. R. Osinski G. R. Ralew S. et al.<br \/>\n<a href=\"http:\/\/www.hou.usra.edu\/meetings\/lpsc2014\/pdf\/2215.pdf\" target=\"_blank\"><strong>PDF LINK<\/strong><\/a><\/p>\n<p><strong>The NWA 7325 Ungrouped Achondrite \u2014 Possible Link to Ureilites? Oxygen and Chromium Isotopes and Trace Element Abundances<\/strong><br \/>\nKita N. T. * Sanborn M. E. Yin Q.-Z. Nakashima D. Goodrich C. A.<br \/>\n<a href=\"http:\/\/www.hou.usra.edu\/meetings\/lpsc2014\/pdf\/1455.pdf\" target=\"_blank\"><strong>PDF LINK<\/strong><\/a><\/p>\n<p><strong>THE UNIQUE DIFFERENTIATED METEORITE <\/strong><strong>NWA7325: HIGHLY REDUCED, STARK AFFINITIES TO <\/strong><strong>E-CHONDRITES AND UNKNOWN PARENTAL PLANET.<\/strong><br \/>\nA. El Goresy, T. Nakamura, M. Miyahara, E. Ohtani, Ph. Gillet, K. Jogo, M. Yamanobe and H. Ishida<br \/>\n<a href=\"http:\/\/www.hou.usra.edu\/meetings\/metsoc2014\/pdf\/5028.pdf \" target=\"_blank\"><strong>PDF LINK<\/strong><\/a><\/p>\n<p><strong>NOBLE GAS AND MINERALOGICAL STUDIES OF NWA <\/strong><strong>7325 UNGROUPED ACHONDRITE<\/strong><br \/>\nH. Hasegawa, M. K. Haba, K. Nagao, T. Mikouchi and M. Bizzarro<br \/>\n<a href=\"http:\/\/www.hou.usra.edu\/meetings\/metsoc2014\/pdf\/5306.pdf\" target=\"_blank\"><strong>LINK<\/strong><\/a><\/p>\n<p><strong>Mid-infrared emission spectroscopy of meteorite NWA 7325: Identifying the mineralogy with a non-destructive, remote-sensing technique<\/strong><br \/>\nMelissa Lane, Cyrena Goodrich, Noriko Kita<br \/>\n<a href=\"https:\/\/dps46.abstractcentral.com\/planner.jsp\" target=\"_blank\"><strong>LINK<\/strong><\/a><\/p>\n<p>46th Division for Planetary Sciences (DPS) Meeting<br \/>\nScience Schedule and Events<br \/>\nPresentation<br \/>\n11 November 2014<br \/>\n205. Moon\/Mercury Surface<br \/>\nChair(s): Thomas Morgan (NASA\/GSFC) and Melissa Lane (Planetary Science Institute)<br \/>\n10:30 AM &#8211; 11:40 AM; Arizona Ballroom 11\/ 12<\/p>\n<p><strong>Highly Siderophile Element and 187Re-187Os Isotopic Systematics of Ungrouped Achondrite Northwest Africa 7325<\/strong><br \/>\nG. J. Archer, R. J. Walker, A. J. Irving<br \/>\n46th Lunar and Planetary Science Conference (2015), Abstract #1987<br \/>\n<a href=\"http:\/\/www.lpi.usra.edu\/meetings\/lpsc2015\/pdf\/1987.pdf\" target=\"_blank\"><strong>PDF LINK<\/strong><\/a><\/p>\n","protected":false},"excerpt":{"rendered":"<p>under construction Meteoritical Bulletin:\u00a0\u00a0\u00a0\u00a0\u00a0 NWA 7325\u00a0\u00a0\u00a0\u00a0\u00a0\u00a0\u00a0\u00a0 \u00a0pairings:\u00a0\u00a0\u00a0\u00a0\u00a0 NWA 8014\u00a0\u00a0\u00a0\u00a0\u00a0 NWA 8409\u00a0\u00a0\u00a0\u00a0\u00a0\u00a0 NWA 8486 &nbsp; RESEARCH PAPERS A nonmagnetic differentiated early planetary body Benjamin P. Weiss, Huapei Wang, Thomas G. Sharp, J\u00e9r\u00f4me Gattacceca, David L. Shuster,&#8230;<\/p>\n","protected":false},"author":1,"featured_media":0,"parent":62,"menu_order":0,"comment_status":"open","ping_status":"open","template":"page-template-wide.php","meta":{"footnotes":""},"_links":{"self":[{"href":"https:\/\/karmaka.de\/index.php?rest_route=\/wp\/v2\/pages\/192"}],"collection":[{"href":"https:\/\/karmaka.de\/index.php?rest_route=\/wp\/v2\/pages"}],"about":[{"href":"https:\/\/karmaka.de\/index.php?rest_route=\/wp\/v2\/types\/page"}],"author":[{"embeddable":true,"href":"https:\/\/karmaka.de\/index.php?rest_route=\/wp\/v2\/users\/1"}],"replies":[{"embeddable":true,"href":"https:\/\/karmaka.de\/index.php?rest_route=%2Fwp%2Fv2%2Fcomments&post=192"}],"version-history":[{"count":20,"href":"https:\/\/karmaka.de\/index.php?rest_route=\/wp\/v2\/pages\/192\/revisions"}],"predecessor-version":[{"id":213,"href":"https:\/\/karmaka.de\/index.php?rest_route=\/wp\/v2\/pages\/192\/revisions\/213"}],"up":[{"embeddable":true,"href":"https:\/\/karmaka.de\/index.php?rest_route=\/wp\/v2\/pages\/62"}],"wp:attachment":[{"href":"https:\/\/karmaka.de\/index.php?rest_route=%2Fwp%2Fv2%2Fmedia&parent=192"}],"curies":[{"name":"wp","href":"https:\/\/api.w.org\/{rel}","templated":true}]}}